{"id":22,"date":"2014-04-14T07:47:33","date_gmt":"2014-04-14T07:47:33","guid":{"rendered":"http:\/\/lechampdesoiseaux.fr\/?page_id=22"},"modified":"2025-02-24T13:07:54","modified_gmt":"2025-02-24T13:07:54","slug":"tarifs","status":"publish","type":"page","link":"http:\/\/lechampdesoiseaux.fr\/?page_id=22","title":{"rendered":"Tarifs"},"content":{"rendered":"<div class=\"entry-content\">\r\n\r\nTarif pour 1 semaine:\r\n<ul>\r\n \t<li>Basse saison: 350 \u20ac<\/li>\r\n \t<li>Moyenne saison: 370- \u20ac avril<\/li>\r\n \t<li>mai 450 euros<\/li>\r\n \t<li>juin 550 euros<\/li>\r\n \t<li>Haute saison: juillet aout 740 \u20ac<\/li>\r\n \t<li>septembre 550 euros<\/li>\r\n<\/ul>\r\nPossibilit\u00e9 de location au week-end ( hors-saison) du vendredi 18h au dimanche18h) 280 \u20ac\r\n\r\ntarif minimum 3 jours 100euros la nuit\r\n\r\nDes promos vous seront r\u00e9guli\u00e8rement propos\u00e9es\r\n\r\nLes draps ne sont pas fournis mais peuvent \u00eatre lou\u00e9s.\r\n\r\nLes matelas sont prot\u00e9g\u00e9s par une al\u00e8se et les oreillers par des prot\u00e8ge oreillers.\r\n\r\nLes couettes et couvertures sont \u00e0 votre disposition.\r\n\r\nArriv\u00e9e le samedi \u2013 D\u00e9part le samedi.\r\nEau et gaz compris dans le prix de la location.\r\nL\u2019\u00e9lectricit\u00e9 sera \u00e0 ajouter \u00e0 la fin du s\u00e9jour et factur\u00e9e selon votre consommation r\u00e9elle aux tarifs EDF.\r\nLocation de draps et taie d\u2019oreillers possible 18 euros par lits.\r\nLes prot\u00e8ge oreillers et matelas sont compris dans le tarif.\r\nModalit\u00e9s :\r\n\r\nLes arrhes de 25% sont \u00e0\u00a0 \u00e0 r\u00e9gler par ch\u00e8que bancaire ou postal \u00e0 la r\u00e9servation.\r\nAttestation d\u2019extension vill\u00e9giature, location vacances \u00e0 fournir.\r\nUn d\u00e9pot de garantie vous sera demand\u00e9 \u00e0 votre arriv\u00e9e en plus du solde.\r\nCette caution vous sera restitu\u00e9e \u00e0 votre d\u00e9part ou quelques jours apr\u00e8s votre d\u00e9part (d\u00e9lai maximum n\u2019exc\u00e9dant pas 1 mois), d\u00e9duction faite des \u00e9ventuelles d\u00e9t\u00e9riorations ou du co\u00fbt de remise en \u00e9tat des lieux.\r\n\r\nAttention : Bien v\u00e9rifier que votre contrat d\u2019assurance habitation principale pr\u00e9voit l\u2019extension vill\u00e9giature, location de de vacances. Le locataire est tenu d\u2019assurer le local qui lui est confi\u00e9 ou lou\u00e9.\r\n\r\n<\/div>\r\n&nbsp;\r\n\r\n&nbsp;\r\n<p style=\"text-align: right;\"><a title=\"Site r\u00e9alis\u00e9 par AidePC.info\" href=\"http:\/\/www.aidepc.info\" target=\"_blank\">Site r\u00e9alis\u00e9 par AidePC.info<\/a><\/p>\r\n<p style=\"text-align: right;\"><\/p>","protected":false},"excerpt":{"rendered":"<p>Tarif pour 1 semaine: Basse saison: 350 \u20ac Moyenne saison: 370- \u20ac avril mai 450 euros juin 550 euros Haute saison: juillet aout 740 \u20ac septembre 550 euros Possibilit\u00e9 de location au week-end ( hors-saison) du vendredi 18h au dimanche18h) &hellip; <a class=\"more-link\" href=\"http:\/\/lechampdesoiseaux.fr\/?page_id=22\">Lire la suite <span class=\"meta-nav\">&rarr;<\/span><\/a><\/p>\n","protected":false},"author":1,"featured_media":0,"parent":0,"menu_order":0,"comment_status":"closed","ping_status":"closed","template":"","meta":[],"_links":{"self":[{"href":"http:\/\/lechampdesoiseaux.fr\/index.php?rest_route=\/wp\/v2\/pages\/22"}],"collection":[{"href":"http:\/\/lechampdesoiseaux.fr\/index.php?rest_route=\/wp\/v2\/pages"}],"about":[{"href":"http:\/\/lechampdesoiseaux.fr\/index.php?rest_route=\/wp\/v2\/types\/page"}],"author":[{"embeddable":true,"href":"http:\/\/lechampdesoiseaux.fr\/index.php?rest_route=\/wp\/v2\/users\/1"}],"replies":[{"embeddable":true,"href":"http:\/\/lechampdesoiseaux.fr\/index.php?rest_route=%2Fwp%2Fv2%2Fcomments&post=22"}],"version-history":[{"count":18,"href":"http:\/\/lechampdesoiseaux.fr\/index.php?rest_route=\/wp\/v2\/pages\/22\/revisions"}],"predecessor-version":[{"id":167,"href":"http:\/\/lechampdesoiseaux.fr\/index.php?rest_route=\/wp\/v2\/pages\/22\/revisions\/167"}],"wp:attachment":[{"href":"http:\/\/lechampdesoiseaux.fr\/index.php?rest_route=%2Fwp%2Fv2%2Fmedia&parent=22"}],"curies":[{"name":"wp","href":"https:\/\/api.w.org\/{rel}","templated":true}]}}